ors of x.
3, 23, 43
Let p(k) be the second derivative of k**4/4 - 23*k**3/3 - 3*k**2/2 + 2*k + 19. List the prime factors of p(22).
19, 23
Suppose -13*r + 10*r + 31719 = l, 2*l = -12. List the prime factors of r.
3, 5, 47
Suppose -338*c + 29010947 = 5653038 - 6822787. What are the prime factors of c?
2, 3, 7, 1063
Suppose 51*y = 331*y - 2487417 - 3018223. What are the prime factors of y?
7, 53
Let v(h) = -7*h**2 - 31*h + 38. Let r(g) = 7*g**2 + 33*g - 38. Let s(l) = -3*r(l) - 4*v(l). What are the prime factors of s(13)?
2, 3, 5, 7
List the prime factors of -4 - 32/(-8)*2308.
2, 3, 769
What are the prime factors of ((-32304)/72)/(4/(-108))?
2, 3, 673
Suppose -3*w = -4*b - 6999, -50*b - 7008 = -3*w - 49*b. What are the prime factors of w?
3, 19, 41
Let k(h) = 2*h**2 + 87*h + 21. Let v be k(-43). Suppose 8*z - 4*z = 72. Let t = z - v. List the prime factors of t.
2, 5
Let a(x) = 10*x**2 + 425*x + 129. What are the prime factors of a(-82)?
31, 1049
Suppose -2*x + 10732 = 3*x - 2*c, -c = 4*x - 8596. Suppose 5*r = -r + x. What are the prime factors of r?
2, 179
Suppose 0 = -14*t - 82 + 292. Suppose -43*l + 40*l + t = 0. List the prime factors of l.
5
Let i(s) = -s**3 + 70*s**2 - 689*s - 52. List the prime factors of i(52).
2, 3, 13, 41
Let c be (58/(-6))/(2/(-6)). Suppose -38*f + 3609 = -c*f. What are the prime factors of f?
401
Let w = 43155 + -13044. List the prime factors of w.
3, 10037
Let a be 3/(2*3/56). Suppose 2*k - a = 16*k. What are the prime factors of ((-8)/(-12))/(k/(-27))?
3
Suppose 4*v = -m + 1120, 2*v - m + 3*m = 554. List the prime factors of v.
281
Let l(r) = 0*r + 2*r**2 + 36*r**3 + 5*r**2 + 4*r**2 - 23 + 11*r - 2*r**2. List the prime factors of l(3).
1063
Let c(f) = -385*f - 464. List the prime factors of c(-8).
2, 3, 109
Let d be (-21)/((-279)/(-476) + 32/(-56)). What are the prime factors of d/9*30/(-20)?
2, 7, 17
Let j be (-2)/18*-3 - (-160)/6. Let o = j + -25. What are the prime factors of ((-39)/(-52))/(o/336)?
2, 3, 7
Let u = 46452 + -29752. What are the prime factors of u?
2, 5, 167
List the prime factors of 6336 + 6 + (-17 - -19).
2, 13, 61
Let p = -576 + 516. What are the prime factors of (-80946)/p + 3/(-30)?
19, 71
Suppose 0 = 3*n + 59 + 52. Suppose -3*x = -2*u + 43, -3*u - u - 3*x + 95 = 0. Let d = u - n. What are the prime factors of d?
2, 3, 5
Suppose -75 = 24*p + 117. Let w(x) = -115*x - 92. What are the prime factors of w(p)?
2, 3, 23
Suppose -41*a - 3*c = -38*a - 7209, a - 2395 = -5*c. What are the prime factors of a?
5, 13, 37
Let r = 855 + -43. Suppose 114*l = 128*l - r. What are the prime factors of l?
2, 29
Let g(m) = -11891*m**3 - 6*m**2 - 60*m - 121. What are the prime factors of g(-2)?
3, 10567
Suppose i - 45*x = -46*x + 44571, -7*i - 4*x = -311970. List the prime factors of i.
2, 3, 7, 1061
Suppose -60 + 48 = -3*l. Suppose -l = 2*g - 10. List the prime factors of g/18 + 173/6.
29
Let n = -948 + -232. Let s = -327 + 319. What are the prime factors of (s/(-10))/((-8)/n)?
2, 59
Suppose -5*r + 0*y = 3*y + 1372, -4*r = -3*y + 1103. Let j = r + 668. What are the prime factors of j?
3, 131
Suppose -4*t - 21*v + 18 = -19*v, 2*v - 10 = -2*t. List the prime factors of 1813/t - (63/(-28))/(-9).
3, 151
What are the prime factors of (-1)/((-2)/168)*(-73 - -121)?
2, 3, 7
Let o be (1230 - 7)*(3 + -2). Suppose o = 3*g - 2*w, 3*g + g = 4*w + 1636. What are the prime factors of g?
3, 5
Let p = -8907 + 15662. What are the prime factors of p?
5, 7, 193
Let g(j) = -38*j + 122. Suppose 7*v + 100 = -5*m + 4*v, 80 = -5*m + v. List the prime factors of g(m).
2, 3
Let p(l) be the first derivative of 7/2*l**4 - l + 19 + 1/2*l**2 + 2/3*l**3. List the prime factors of p(1).
2
Suppose -3*d = -2*d + n + 1508, 0 = 4*d + 5*n + 6027. Let h = -814 - d. What are the prime factors of h?
3, 233
Let j = 14 - 14. Let b be (1 + j)/((-18)/(-19134)). Suppose -8*i + b = 199. List the prime factors of i.
2, 3
Let c(x) = -433*x + 2. Let u be c(-1). Let m = u + -257. Let p = 261 - m. List the prime factors of p.
83
Let n = -5977 + 30445. What are the prime factors of n?
2, 3, 2039
Let g(l) = -l**3 - 50*l**2 - 55*l - 1413. What are the prime factors of g(-51)?
3, 11
Let f(g) = 207*g + 565. What are the prime factors of f(26)?
19, 313
Suppose -3*o + 14 = -1. Let h be ((-52)/o)/(12/210). Let v = 271 + h. What are the prime factors of v?
89
Suppose 5*j + 1801 = -1454. Let f = -367 - j. List the prime factors of f.
2, 71
Let f be ((-4)/6)/(2/(-201)). Let d(p) = 7 - 12 - f*p - 11 + 52*p. What are the prime factors of d(-6)?
2, 37
Let k(b) be the first derivative of 2*b**3/3 - 23*b**2/2 + 125*b - 55. What are the prime factors of k(12)?
137
Let b(t) = 0*t**2 + 2*t + 7 + 14 + t**2 - 2*t**2. List the prime factors of b(0).
3, 7
Let t be (16/(-18))/(-4) + 30000/108. Suppose b + 337 = 5*d, -9*d - t = -13*d + 5*b. List the prime factors of d.
67
What are the prime factors of 8 + (51144 + 1 - -2)?
5, 13, 787
Let f = 84042 + -23444. What are the prime factors of f?
2, 41, 739
Suppose -6*q - 3*t = -7*q + 8189, -3*q = 3*t - 24483. List the prime factors of q.
2, 1021
Let q(n) = n**3 + 7*n**2 - 19*n - 2. Let s = -75 + 80. Suppose 0 = 7*y - s + 61. List the prime factors of q(y).
2, 43
Let n = -695 + 1870. List the prime factors of n.
5, 47
Suppose 2*u = 3*n - u - 4857, -n + 3*u + 1619 = 0. Suppose 2*r = -4*d + 2162, -3*r - n = -3*d - 2*r. What are the prime factors of d?
2, 3, 5
Let k(n) = -731*n + 4. Let j = 192 + -193. What are the prime factors of k(j)?
3, 5, 7
Let n = 126 + -89. Suppose 0 = -17*t + n*t - 9220. List the prime factors of t.
461
Suppose 12*w = 72 - 36. What are the prime factors of ((-189)/42)/(w/(-244))?
2, 3, 61
Suppose -2*s = 5*v - 3*v + 4, 5*v + 46 = 4*s. What are the prime factors of (190092/1085)/(-1 + v/(-5))?
2, 3, 73
Suppose -2*v + 3*r = -565, v + 4*v + 4*r = 1447. Let z = v + -74. Suppose z - 729 = -4*u. What are the prime factors of u?
3, 43
What are the prime factors of (-1156)/((21/(-93))/7) + 6?
2, 17921
Suppose -66*b + 857533 = -454745. List the prime factors of b.
59, 337
Let r(f) = 504*f**2 + 59*f - 537. What are the prime factors of r(13)?
2, 42703
Let r(x) = -x**3 + 8*x**2 - 17*x + 70. Let q be r(7). Suppose 0*j - 18 = -2*j. Suppose q = 7*o - j*o + 382. List the prime factors of o.
191
Let m(f) = -f**2 + 13*f - 3. Let y be m(13). Let i be (0 - 1)/((-1)/y). List the prime factors of (-4)/4 - 21/i.
2, 3
Suppose 8 = -4*t - s, 2*t - t + 21 = -5*s. List the prime factors of t/(-4) + (-42700)/(-80).
2, 3, 89
Suppose z - 33 = -2*q, 0*q = -3*q - 9. Let w = z - -46. What are the prime factors of w?
5, 17
Let w = -3530 + 7854. List the prime factors of w.
2, 23, 47
Suppose 1610 = -14*o - 3612. Let m = o - -421. List the prime factors of m.
2, 3
Suppose -956 = 4*h + 4*v, -2*h + 0*v - 474 = 3*v. Let b = -93 - h. Let z = b + -60. List the prime factors of z.
2, 3, 5
Suppose -9*o - 32 = -17*o. Suppose 12*w = 7*w - o*j + 4771, -2*w + 5*j = -1882. What are the prime factors of w?
3, 317
Let o = -5249 - -10164. List the prime factors of o.
5, 983
Suppose 4349 = -3*a + 5*g, 2*a + 2*g - 5808 = 6*a. Let f = -965 - a. Suppose -8*x - f = -12*x. What are the prime factors of x?
2, 61
Let j be 772 + -3 + (-8 - -15). Suppose 4*x + i - 3072 = -3*i, x - 3*i - j = 0. List the prime factors of x.
2, 5, 7, 11
Suppose 413472 - 16426 = -7*b + 33*b. What are the prime factors of b?
15271
Suppose -y + 5*x + 14 = 0, 0*x + 6 = 2*y + x. Suppose -n = 3*l + 13, -5*n + 0*l = -y*l - 30. Suppose -n*i = -i - 51. What are the prime factors of i?
3, 17
Suppose q = 3*r + 13, -1 = -2*q - 2*r + 9. Suppose -4338 = -5*w + 4*f, -2622 = -q*w + 4*w - 4*f. What are the prime factors of w?
2, 3, 5, 29
Suppose d - 21140 = 8*d. Let b be (-4)/30 - d/150. Suppose u - 4*k - 101 + b = 0, -5*u - 2*k + 295 = 0. List the prime factors of u.
61
Let u(g) = 2*g - 49. Suppose 0 = -8*d + 87 + 129. Let t be u(d). Suppose 0 = 2*s + 4*p - 230, t*s - 3*p + 254 = 881. List the prime factors of s.
3, 41
Let q(g) = g**3 - 14*g**2 - g + 34. Let d be q(14). List the prime factors of 5/(-40)*-164*d.
2, 5, 41
Let f be ((-3)/9)/(6/42)*-21. Let c = -42 + f. Suppose 5*q - 8 = -2*y, -c*q + 1 = -4*q + 5*y. List the prime factors of q.
2
Let m(d) = d**3 + 24*d**2 + 23*d + 4. Let c be m(-23). Suppose 0 = -8*q + 